der when p is divided by 14.
9
Let q = 37 + -35. Suppose -390 = q*n - 8*n. Calculate the remainder when 322 is divided by n.
62
Calculate the remainder when (21/(-6))/((-11)/682) is divided by 79.
59
Let p be (-2)/(-6) - (-4)/6. Suppose -52 = -4*i + 42*x - 47*x, -2*i + 26 = -x. Calculate the remainder when ((-1)/p)/((-4)/196) is divided by i.
10
Let b = -49 + 46. Let z(s) = s**3 + 6*s**2 + 8*s + 8. Calculate the remainder when 43 is divided by z(b).
10
Suppose 2 = 12*k - 46. Suppose -k*s - 80 = -9*s. What is the remainder when 40 is divided by s?
8
Suppose 0 = 4*t + 24. What is the remainder when (44/t)/(-1 + 15/18) is divided by 15?
14
Let t be 2/(-4 + 312/76). Suppose 20*n - t*n + 45 = 0. What is the remainder when 29 is divided by (-122)/(-15) - (-6)/n?
5
Let m(v) = -73*v + 13. Let y(f) = -18*f + 3. Let n(k) = -2*m(k) + 9*y(k). Calculate the remainder when n(-4) is divided by 22.
21
Let a = -11 + 21. Let z be -1*((-8)/(-36) - 56/9). What is the remainder when ((-33 + -1)/(z/3))/(-1) is divided by a?
7
Let d be (0/((-8 + 4)/(-4)))/1. Suppose m - u - 101 = d, -u + 284 = -5*m + 777. What is the remainder when m is divided by 17?
13
Let v(t) = -t - 7. Suppose 2*a + 15 = 1. Let z be v(a). Suppose z = 2*s + 3*d - 55, s - 2*d = -d + 25. What is the remainder when 51 is divided by s?
25
Suppose -10 + 42 = 5*w - 2*n, -5*w = -5*n - 35. Calculate the remainder when 87 is divided by w.
3
Let d(q) be the first derivative of -q**4/4 - 11*q**3/3 - 11*q**2/2 - 3*q + 25. Calculate the remainder when d(-11) is divided by 30.
28
Let q = -162 + 170. Calculate the remainder when 8 is divided by q.
0
Suppose -2*y - 5 - 7 = 0. What is the remainder when 34 is divided by (-330)/(-44) + y/(-4)?
7
Let q = -969 - -1286. Calculate the remainder when q is divided by 53.
52
Let c = -433 - -438. Calculate the remainder when 54 is divided by c.
4
Calculate the remainder when 101 is divided by 9/21 + (-716)/(-28).
23
What is the remainder when (-43962)/255*10/(-4) is divided by 18?
17
Suppose 0 = 141*y - 146*y - 4*o + 467, 3*o = -6. What is the remainder when y is divided by 10?
5
What is the remainder when 50 is divided by ((-21)/14 - -1)*2*-14?
8
Let h(f) = -37*f + 817. Calculate the remainder when h(18) is divided by 77.
74
Let y(c) = 14*c**2 + 25*c + 75. Let x(p) = -5*p**2 - 8*p - 25. Let j(u) = -11*x(u) - 4*y(u). Calculate the remainder when 40 is divided by j(-8).
5
Let f = 25 - 22. Suppose -4*n + 45 = -f*j - 4, 3*n - 44 = -5*j. Calculate the remainder when 33 is divided by n.
7
Suppose 9*r - 13*r = -8. Suppose -6 = -2*t + r*s, 5*t - 8 = s + 7. What is the remainder when 21 is divided by t?
0
Let a be -6*((-2)/(-3) + 2). Let o = -16 - -43. Let f = a + o. Calculate the remainder when f is divided by 6.
5
Suppose 42*h = 20*h + 39028. What is the remainder when h is divided by 111?
109
Let w(c) be the first derivative of 3*c**2/2 + 10*c + 25. Calculate the remainder when 29 is divided by w(3).
10
Let b = 1554 + -1532. What is the remainder when 55 is divided by b?
11
Suppose 0*o - 283 = 3*o - m, -3*m + 105 = -o. Let l = 152 + o. Calculate the remainder when l is divided by 20.
19
Let b(q) = 5*q**2 - q. Let l = -75 + 58. Let f = l - -22. Calculate the remainder when b(-1) is divided by f.
1
Let r = 8 - 3. Let j(m) = 224*m**2 + 209*m + 2. What is the remainder when j(-1) is divided by r?
2
Let s = 120 + -85. What is the remainder when s is divided by 14?
7
Suppose 4*w - 52 = 5*h - 194, 2*w = -3*h + 72. Calculate the remainder when 255 is divided by h.
21
Suppose 79*j = 82*j - 51. Let o = 14 - 28. Let s = o - -20. Calculate the remainder when j is divided by s.
5
Let s(g) = -12*g - 81. Calculate the remainder when 3 is divided by s(-7).
0
Suppose 3*k - 423 = -3*a, 5*a = 8*a + k - 421. Calculate the remainder when a is divided by 12.
8
Suppose -2*q = 3*q - 250. Let a be 5 - (-2 + (-1 - -5)). Calculate the remainder when q - (0 + (-3)/a) is divided by 27.
24
Let j be 2 + (-32)/20 - 896/(-10). Suppose 12*p + 5*r - j = 9*p, 0 = p - 5*r - 50. What is the remainder when 138 is divided by p?
33
Suppose 4*r + 2*u = 42, 4 = -3*u - 5. Let j be 12/9 - 3/9. What is the remainder when 1 + 2 + j + 18 is divided by r?
10
Suppose -5*x + p = -3*p - 370, 2*x - p - 148 = 0. Calculate the remainder when x is divided by 41.
33
Let q be -9*(10/25 + 33/(-45)). Let g = q - -14. What is the remainder when 31 is divided by g?
14
Suppose -3*j + 5*y - 3*y + 91 = 0, -2*j + 78 = 3*y. Let c = 55 - j. Let d = c + -13. Calculate the remainder when 35 is divided by d.
8
Let y(l) = -94*l + 1046. What is the remainder when 1150 is divided by y(11)?
10
Let t(s) = 17 + 5*s**2 + 10*s + 1 - 8. What is the remainder when t(-7) is divided by 47?
44
Let g(t) = -24*t + 545. What is the remainder when 445 is divided by g(21)?
35
Suppose -a = -3*i - 7, a - 11 = -2*a - i. What is the remainder when a is divided by 3?
1
Suppose 4 = -10*u + 6*u. Calculate the remainder when u/4 - (-1540)/16 is divided by 14.
12
Let b(u) = 25*u - 955. Calculate the remainder when 26 is divided by b(39).
6
Suppose -n = -3, 43*l - 41*l = -4*n + 822. What is the remainder when l is divided by 128?
21
Let s(y) = -93*y**3 - 3*y - 2. What is the remainder when s(-1) is divided by 24?
22
Let n = -15 - -37. Suppose -40 = -11*s + 6*s. Calculate the remainder when n is divided by s.
6
Let w = -932 - -935. What is the remainder when 32 is divided by w?
2
Let h = -50 - -51. Let c(j) = 4*j**3. Calculate the remainder when c(1) is divided by h.
0
Let k(o) = -6*o**3 - o**2 - 5*o - 7. What is the remainder when 373 is divided by k(-2)?
44
Let h(u) = u**3 + 7*u**2 + 4*u - 2. What is the remainder when 79 is divided by h(-6)?
9
Let z = 1541 + -1050. What is the remainder when z is divided by 62?
57
Let m be ((-85)/3)/(-2*5/60). Suppose 3*r - 44 + m = 3*q, 5*q - 175 = -2*r. What is the remainder when q is divided by 26?
11
Suppose d - 31 = -2*i, 2*d + 3*d = -i + 38. Let a = 32 + i. Calculate the remainder when a is divided by 24.
21
Let m(w) = w**3 + 2*w**2 - 4*w - 5. Let y be m(-2). Suppose -5*q + 310 = y*d + d, q = -4*d + 62. Calculate the remainder when q is divided by 33.
29
Let w = 61 + -57. Suppose 0 = w*a + m - 233, 0*a - 3*a + 4*m + 189 = 0. Calculate the remainder when a is divided by 32.
27
Let u(a) = a**3 - 6*a**2 + 8*a + 9. Let l be 100/15 - 1/(-3). Let p be u(l). Suppose 4*m - 214 - p = 0. What is the remainder when m is divided by 28?
26
What is the remainder when -4 - (-112)/12*3 is divided by (-141)/(-15) - 2/5?
6
Let d = -822 + 861. What is the remainder when 219 is divided by d?
24
Suppose -18 - 54 = 2*p. Let o = -33 - p. Let h(y) = 8*y - 2. What is the remainder when h(o) is divided by 12?
10
Suppose 9*l = 11*l - 770. Suppose 0 = -5*f + 5*u + 204 + 131, 0 = 5*f + 5*u - l. Calculate the remainder when f is divided by 25.
22
Suppose 0*d - d - 85 = -4*c, d = -4*c + 83. Suppose 6*h + h = -651. Let j = -81 - h. What is the remainder when c is divided by j?
9
Let c = -547 + 567. What is the remainder when 137 is divided by c?
17
Let h(z) = 29*z**2 + 1. Calculate the remainder when 84 is divided by h(-1).
24
Suppose n - 9 = -1. Calculate the remainder when 6 is divided by 6/n*(-120)/(-18).
1
Suppose -73*y = -2024 - 385. Let d be (164/(-3))/((-1)/(-3)). Calculate the remainder when y is divided by (-4)/18 - d/9.
15
Suppose 5*m - 22 = -2*a, m - 101 = -2*a - 3*a. Suppose 0 = 3*i + c - a + 5, 10 = i - 2*c. Calculate the remainder when 65 is divided by i.
5
Suppose -3*f + 311 + 1123 = 0. What is the remainder when f is divided by 21?
16
Suppose 15*q - 63 = 12*q. Calculate the remainder when 54 is divided by q.
12
Suppose 2*l - 6*l + 408 = 0. Let c = 264 - 159. Suppose -q + c = 4*q. What is the remainder when l is divided by q?
18
What is the remainder when 99 - (2 + -2 + 3 + -5) is divided by 3?
2
Let s = 7 - 12. Suppose 0 = 12*j + 68 - 8. Calculate the remainder when 30 is divided by (8/j)/(1/s).
6
Calculate the remainder when 375 is divided by ((-12)/3)/(-16)*(108 + -32).
14
Suppose -2*m + m = 213. Let z = -145 - m. Suppose 0 = u + 2*u - 42. Calculate the remainder when z is divided by u.
12
Suppose -2*q = 5*d - 229, -14*d = -15*d + q + 43. What is the remainder when 219 is divided by d?
39
Suppose 0 = 20*o - 16*o - 84. Calculate the remainder